{"id":88,"date":"2020-03-17T22:02:49","date_gmt":"2020-03-18T00:02:49","guid":{"rendered":"http:\/\/www.srd.ee\/srdsk\/?page_id=88"},"modified":"2020-03-20T20:29:24","modified_gmt":"2020-03-20T22:29:24","slug":"srd-sk","status":"publish","type":"page","link":"https:\/\/www.srd.ee\/srdsk\/srd-sk\/","title":{"rendered":"SRD SK"},"content":{"rendered":"<p>Spordiklubi asutati 1997. aasta kevadel. S\u00f5bralik seltskond m\u00f5ttekaaslasi oli juba ammu otsinud endale v\u00e4ljendusviisi ning l\u00f5ppude l\u00f5puks sai klubi moodustamise m\u00f5ttest reaalsus. Klubiga \u00fchinesid paljud spordiklubi &#8220;Lokomotiiv&#8221; kunagised liikmed, paljud klubiliikmed on tuttavad juba kooli v\u00f5i \u00fclikooli ajast. K\u00f5iki neid \u00fchendab palav armastus orienteerumise &#8211; \u00fche parima spordiala vastu!<\/p>\n<p>Kui Te olete juba tutvunud <a href=\"https:\/\/www.srd.ee\/srdsk\/liikmed\">klubiliikmete<\/a> nimekirjaga, siis kindlasti m\u00e4rkasite, et v\u00e4hemalt poole sellest moodustavad kolme venna &#8211; Sergei, Roman ja Dmitri Shved-i &#8211; perekonnad.\u00a0 Vendade nimede esit\u00e4htedest saigi klubi omale nime &#8211; SRD. Sama nime kannab ka firma, mille Sergei, Roman ja Dmitri kunagi asutasid ning millest sai klubi esimene sponsor.<\/p>\n<p>Mis oli meie eesm\u00e4rk spordiklubi loomise hetkel? Peamine idee oli tervisliku eluviisi toetamine, \u00fchiss\u00f5itude organiseerimine v\u00f5istlustele ning treeningute korraldamine. Me v\u00f5tame vastu k\u00f5iki huvilisi, et seletada neile, mis spordiala on orienteerumine ning v\u00f5imaluste piires aitame ka v\u00f5istlustele p\u00e4\u00e4seda. <a href=\"https:\/\/www.srd.ee\/srdsk\/uus_liige\">Klubiga liitumine<\/a>\u00a0on tasuta, iseenesest on protseduur v\u00e4ga lihtne.<\/p>\n<p>Asutamisaasta septembris, kui k\u00f5ik vajalikud dokumendid olid vormistatud, sai klubi Eesti Orienteerumisliidu (EOL) liikmeks. Niisiis, kutsume k\u00f5iki huvilisi meiega liituma&#8230;<\/p>\n<p>Esimeseks heaks klubi initsiatiiviks sai 1997. aastal <a href=\"https:\/\/www.srd.ee\/srdsk\/et\/lasterada\">lasteraja<\/a>\u00a0korraldamine\u00a0<a href=\"http:\/\/www.ton.ee\/\">Tallinna Orienteerumisneljap\u00e4evakutel<\/a>. See projekt oli kasulik nii lastele, kui ka nende vanematele, kes r\u00f5\u00f5mustasid n\u00e4hes oma laste \u00f5nnelikke n\u00e4gusid. Idee tekkis esialgu seet\u00f5ttu, et klubis oli tol hetkel palju v\u00e4ikeseid lapsi. Lasteraja korraldamisest on t\u00e4naseks saanud omamoodi traditsioon &#8211; kuigi oma lapsed on t\u00e4naseks suureks saanud, korraldab SRD SK siiski lasterada igal orienteerumisneljap\u00e4evakul ka t\u00e4nap\u00e4eval.<\/p>","protected":false},"excerpt":{"rendered":"<p>Spordiklubi asutati 1997. aasta kevadel. S\u00f5bralik seltskond m\u00f5ttekaaslasi oli juba ammu otsinud endale v\u00e4ljendusviisi ning l\u00f5ppude l\u00f5puks sai klubi moodustamise m\u00f5ttest reaalsus. Klubiga \u00fchinesid paljud spordiklubi &#8220;Lokomotiiv&#8221; kunagised liikmed, paljud klubiliikmed on tuttavad juba&#46;&#46;&#46;<\/p>\n","protected":false},"author":1,"featured_media":0,"parent":0,"menu_order":0,"comment_status":"closed","ping_status":"closed","template":"","meta":{"ngg_post_thumbnail":0,"footnotes":""},"class_list":["post-88","page","type-page","status-publish","hentry"],"_links":{"self":[{"href":"https:\/\/www.srd.ee\/srdsk\/wp-json\/wp\/v2\/pages\/88","targetHints":{"allow":["GET"]}}],"collection":[{"href":"https:\/\/www.srd.ee\/srdsk\/wp-json\/wp\/v2\/pages"}],"about":[{"href":"https:\/\/www.srd.ee\/srdsk\/wp-json\/wp\/v2\/types\/page"}],"author":[{"embeddable":true,"href":"https:\/\/www.srd.ee\/srdsk\/wp-json\/wp\/v2\/users\/1"}],"replies":[{"embeddable":true,"href":"https:\/\/www.srd.ee\/srdsk\/wp-json\/wp\/v2\/comments?post=88"}],"version-history":[{"count":0,"href":"https:\/\/www.srd.ee\/srdsk\/wp-json\/wp\/v2\/pages\/88\/revisions"}],"wp:attachment":[{"href":"https:\/\/www.srd.ee\/srdsk\/wp-json\/wp\/v2\/media?parent=88"}],"curies":[{"name":"wp","href":"https:\/\/api.w.org\/{rel}","templated":true}]}}